m = j. What are the prime factors of j?
191
Let q = 703 - 402. Suppose -5*n = -z - 2*z - 380, 4*n - 3*z = q. What are the prime factors of n?
79
Suppose -10*l + 8*l = 3*g - 9338, 3*l - 9333 = -3*g. List the prime factors of g.
2, 19, 41
Let g = 462 - 458. Suppose -g*s + 286 + 150 = 0. What are the prime factors of s?
109
Let k be 146 - 3/(-1) - -4. Suppose -5256 - k = -9*o. What are the prime factors of o?
601
Let r = -53 + 63. Suppose 3*c - 54 - r = 4*b, 2*b = 5*c - 102. Suppose 0 = -c*s + 3*s + 2856. List the prime factors of s.
2, 3, 7
Suppose 30*t + 19129 = 77*t. List the prime factors of t.
11, 37
Let v = 8170 + 4916. What are the prime factors of v?
2, 3, 727
Suppose 16*a + 4806 = 1206. Let b = 11 - 53. Let x = b - a. What are the prime factors of x?
3, 61
Let s(t) be the third derivative of -t**5/60 - 19*t**4/24 - 5*t**3 - 153*t**2. Let d = 22 + -35. What are the prime factors of s(d)?
2, 3
Suppose 0 = -c - 3*b + 10552, 5*c - 46*b + 43*b = 52688. List the prime factors of c.
2, 5, 17, 31
Let t(u) = 2 + 12*u**3 - 106*u**3 + 0 - 45*u**3 - 32*u**3 + 2*u. Let l(f) = -f**3. Let c be l(1). List the prime factors of t(c).
3, 19
Let s be 489/(-24) + 21/56. Let n = -20 - s. Suppose -5*r = -m + 4*m - 950, n = -2*r + 3*m + 359. What are the prime factors of r?
11, 17
Let z(o) = 7*o - 5 - o**2 + 4*o + 2*o**2. Suppose 15*l = 278 - 203. List the prime factors of z(l).
3, 5
Let r(f) = 2*f**2 - 26*f - 71. Let y be r(-15). What are the prime factors of y/(-2)*3*10/(-15)?
769
Suppose 3225 = -5*s + 4*q, 0 = 24*s - 29*s - 3*q - 3190. Let k = 652 + s. What are the prime factors of k?
11
Let i(n) = 38*n + 152. Let r be i(11). Let y = r - 49. List the prime factors of y.
521
Suppose -5*t + 3001 = -24. Let r = -516 + t. What are the prime factors of r?
89
Let u(z) = 98*z**2 + 23*z + 4. What are the prime factors of u(-10)?
2, 4787
Let y(k) = -775*k**3 - 3*k**2 + 2*k - 2. Let g(d) = -1551*d**3 - 7*d**2 + 4*d - 5. Let r(n) = 2*g(n) - 5*y(n). What are the prime factors of r(1)?
2, 193
Suppose -246 = 6*l - 708. Suppose -3*v + 259 = -l. Suppose p - v = -13. List the prime factors of p.
3, 11
Let h(q) = -662*q - 1654. List the prime factors of h(-16).
2, 41, 109
Suppose -4*m + g = -4 - 7, 4*m + 2*g - 26 = 0. Suppose 117 = 2*j + 3*u, m*j + u = j + 172. List the prime factors of j.
3, 19
Suppose -110 = -2*g - 124. List the prime factors of (-4276)/g - 35/(-245).
13, 47
Let i = 93 + -94. What are the prime factors of i + (1/2)/(10/1260)?
2, 31
Let t(j) be the second derivative of -17*j**4/12 + 11*j**3/6 + 11*j**2 + 29*j. Let o be t(-4). Let n = o + 504. List the prime factors of n.
2, 3, 5, 7
Let x = -31 - -117. Suppose -3*i = y - x, -y + 3*i = -5*y + 362. What are the prime factors of y?
2, 23
Let p(t) = -t**3 - t**2 + 20*t - 5. Let u be p(-5). List the prime factors of 2 - (3/3)/(u/2090).
2, 3, 5, 7
Suppose z - 3*o = -o + 4, 0 = 2*z - 2*o - 8. Suppose -4*c + 5004 = z*r, -3*c = -r - 189 - 3552. What are the prime factors of c?
2, 3, 13
Suppose -9*c + 0*c - 94401 = -26*c. What are the prime factors of c?
3, 617
Let x(j) = 2*j**3 - 3*j**2 + 4*j + 7. Suppose 3*g = 5*q + 27, 8 = g - 4*q - 8. What are the prime factors of x(g)?
103
Let v be 10/3*18/12. Suppose 3*p + 4*d = 18, v*p - 3*d - 1 = -0. Suppose 4*i = -4*o - 12, -2*o + p*i = -7*o. List the prime factors of o.
2
Suppose o - 5*k + 128 = -66, -3 = k. Let d be 33*(-11)/33 + 308. Let t = d + o. What are the prime factors of t?
2, 11
Let k(m) = 77*m**2 + 27*m + 191. List the prime factors of k(-13).
12853
Let h(q) = 5*q**3 - 8*q**2 + 4*q - 12. Let a(y) = y**2 + 12*y - 23. Let z be a(2). List the prime factors of h(z).
433
Suppose -10*x + 15*x - 3*w = -720, -5*x - 760 = 5*w. Let p = 319 + x. What are the prime factors of p?
2, 43
Let x(j) = j**3 + 27*j**2 + 24*j - 60. Let h be x(-26). What are the prime factors of 2 + -3 + 2/(h/(-852))?
2, 53
Suppose -3 + 23 = 4*y. Suppose 0 = y*v - 13 - 2. Suppose -4*a + 5*t = -33, v*a + 2*t + 14 = -2*t. What are the prime factors of a?
2
Let o = 67 + -73. Let t be (-8)/o*21/14. Suppose -26 - 6 = -t*i. What are the prime factors of i?
2
Let q = -13221 + 23371. List the prime factors of q.
2, 5, 7, 29
Let d(p) = -p**2 - 3*p + 2. Let b(u) = u**2 - 52. Let w be b(7). Let n be d(w). What are the prime factors of 1*(n/10 - (-1253)/35)?
2, 3
Let b(c) = 16*c - 39. Let x be b(4). Suppose 5*t - x = 0, 4*j - 2*t = 3523 + 7. Suppose 2*m = m + 4*z + 231, 4*m = 3*z + j. List the prime factors of m.
3, 73
Suppose g = t - 8, 0 = g - 4*t + 2 + 12. List the prime factors of (350/g)/((-3)/9).
5, 7
Let q be (19 - -1)*3*(-768)/(-90). Suppose 2*z - 4*z - 3*n + 6 = 0, 0 = 5*z + n - 2. Suppose z = -4*w - 0*w + q. List the prime factors of w.
2
Let f(s) = -39*s**3 - 120*s**2 - 67*s + 13. What are the prime factors of f(-8)?
3, 11, 389
Let m be (((-8)/12)/(-2))/(24/45936). Let b = m - 346. What are the prime factors of b?
2, 73
Suppose 4*w = -24*w + 252. What are the prime factors of (8 - -896) + w - 1?
2, 3, 19
Suppose -327764 - 542874 = -58*i. What are the prime factors of i?
17, 883
List the prime factors of (-11)/55*(7 + -28522).
3, 1901
Let y be (-16)/(-12)*(-3)/1. List the prime factors of (-228073)/(-316) - (-3)/y.
7, 103
Let w(k) = -2*k**3 - k**2 - 4*k - 5. Let m be w(-2). List the prime factors of (-45)/6*(-2178)/m.
3, 11
Suppose u = 4*z + 7162, 2*z + 7126 = u + 7*z. What are the prime factors of u?
2, 3, 397
List the prime factors of 264*(-36)/(-180)*395/3.
2, 11, 79
Suppose 517 = 2*i + k + 63, 3*k = -2*i + 454. List the prime factors of i.
227
Let c(p) = -2*p - 12. Suppose 4*v + 7 = 3. Let k be (-1 + 20)/(v + 0). List the prime factors of c(k).
2, 13
Let q = -98 - 1122. Let c = q + 2069. What are the prime factors of c?
3, 283
Let c(h) = -2*h**3 - 7*h**2 - h - 89. Let o be c(-13). Suppose -15*q + o = -10*q. List the prime factors of q.
3, 11, 19
Let m(i) = 3*i + 3*i - 8*i + 142*i**2 + 2 - i. Let u be m(1). Let y = u - 66. What are the prime factors of y?
3, 5
Let w(s) = -3*s**3 - 26*s**2 + 46*s + 118. List the prime factors of w(-16).
2, 23, 109
Let o = -330 + 332. Let m be 1*(2/2 + 0). What are the prime factors of o + (m - -1) + 10?
2, 7
Let x(v) = v**2 - v + 1. Let j(o) = -31*o**2 - 2*o - 10. Let t(l) = -j(l) - 2*x(l). List the prime factors of t(-4).
2, 3, 19
Let v(j) be the first derivative of -j**3/3 + 22*j**2 - 71*j - 71. List the prime factors of v(38).
157
Let u(o) = -16*o**3 + 15*o**2 + 40*o - 28. What are the prime factors of u(-14)?
2, 7, 59
Suppose 150*v + 743908 = 194*v. What are the prime factors of v?
11, 29, 53
Suppose 0 = 19*h - 25*h - 1740. What are the prime factors of h/(-4) - 40/(-16)?
3, 5
Suppose -4*d + 14*x = 10*x - 23800, 0 = -2*d - 3*x + 11930. List the prime factors of d.
2, 1489
Suppose 4*f - 92920 = -w, 13*f + 23230 = 14*f - 5*w. Let t be (f/30)/((-1)/(-3)). Suppose -17*b + 1723 + t = 0. What are the prime factors of b?
2, 7, 17
Let m(k) = -846*k**3 - 7*k**2 - 41*k - 19. List the prime factors of m(-3).
7, 467
Suppose -32*p = -118689 - 208863. List the prime factors of p.
2, 3, 853
Let f(x) = -x**2 + 29*x - 6. Let n(g) = g**2 - 2*g + 10. Let i be n(5). List the prime factors of f(i).
2, 47
Let t(c) = -14*c**3 - 23*c**2 + 18*c + 102. What are the prime factors of t(-11)?
5, 23, 137
Suppose -j + 5*j - 20531 = c, -2*j + 10258 = 2*c. Suppose 4*u - 6836 = -4*k, j = u + 2*u + 4*k. What are the prime factors of u?
2, 3, 71
Suppose -286*n - 911547 = -339*n. List the prime factors of n.
3, 7, 13
Suppose -55*p - 5974 = -o - 57*p, 4*o - 5*p - 23961 = 0. List the prime factors of o.
2, 11, 17
Let o = 49 + -45. Suppose -3*r = -3*p + 15, 0 = -o*r - 5*p + 22 + 3. What are the prime factors of (-2 + r)*(-183)/6?
61
Suppose -12*p + 227178 = 18*p + 24*p. What are the prime factors of p?
7, 601
Suppose -3*c - 979 = q - 14825, -23098 = -5*c + q. List the prime factors of c.
2, 2309
Suppose 292092 = 76*f - 223340. List the prime factors of f.
2, 3391
Suppose 0 = 2*o - 5*o + 66. Suppose -k + 260 = 3*k. Let m = k - o. What are the prime factors of m?
43
Let v = -127 + 9. Suppose -17*n + 8*n = 504. Let y = n - v. List the prime factors of y.
2, 31
Let w(k) = 3*k**3 - 12*k - 25. Let z be w(-2). Let m = z - -240. List the prime factors of m.
5, 43
Suppose 0 = 2*t - 4*t - 6, -t + 4 = d. Suppos